20
Calculate -16 + (57 - (-59 + 54)).
46
Evaluate (3 + 2 - (13 - (45 + 12))) + -17.
32
Evaluate -4 - (2 + -8) - (-35 - -56).
-19
-65 - (55 + -35) - -36
-49
What is the value of (-30 - 2) + 675 + -657?
-14
What is the value of 3 - (-8 + 1 + (-153 - -161)) - 12?
-10
What is the value of (33 + -1 - (-92 - -101) - 10) + 54?
67
What is 24 + -18 + 0 + -3 + 11 + -2?
12
Calculate 89763 + -89794 + (1 + 44 - 1).
13
Calculate -1054 + 1082 + (-2 - 16).
10
What is the value of -20 - (-6 - 25) - 32 - -19 - 87?
-89
9 - (-3 - (-8 + 1) - (12 + -5))
12
What is (-23 - -20 - (-2 + 5 - 2)) + 4 + -15?
-15
(0 - 3) + -52 + (0 - 17)
-72
Calculate -103 + 87 - (-8 - (-5 + -64 + 1)).
-76
What is the value of -147 + (41 - -268) + -11?
151
Evaluate (-3 - -6) + (-11 - (-92 + (27 - 47))).
104
Evaluate 4 + 1 + 5 + -3 + -15.
-8
Calculate (7 - 2) + (-41 - (-76 - -17)) + (8 - 0).
31
Evaluate 1 + -1 + 59 + -22 - 2 - 1.
34
Calculate 104 + (-11 - (6 + 21)) + 5.
71
What is the value of (3 - 70 - -38) + (-11 - 3)?
-43
What is the value of (-119 - -52) + 10 - -25?
-32
Calculate -1 + 5 + (35 - -32) - 4.
67
Calculate 27 - (-30 + 19 + 18 - (5 + 1)).
26
What is the value of 39 + 12 + (6 + -6 - (-3 - -9))?
45
Calculate -17 - ((42 - 23) + -25 - 14) - -45.
48
What is the value of -64 + (-112 + 196 - 54)?
-34
1 - -9 - (584 - 479)
-95
55 + -13 + 39 + -51
30
Calculate 1 + -131 + (-4276 - -4388).
-18
Calculate -17 - (3 - (-12 - (-1 - (24 - 12)))).
-19
Calculate -3858 - -3891 - (-12 - 1).
46
Evaluate 9 + (9 - (-12 - -33)) - 9 - 5.
-17
(3 - -53) + (-9 + 28 - (14 - 3))
64
Evaluate 2 - (-33 + -2 - (-12 + 36)).
61
Evaluate -1 - 6 - (-17 + (-24 + 12 - 1 - -100)).
-77
Calculate -45 + 23 - (-7 - (-18 + -4)).
-37
Calculate 1 - 7 - (12 - 15) - (-68 + 73).
-8
What is (83 - 197) + 108 - (-2 - -2 - 22)?
16
Calculate 27 - ((-9 - -3 - -15) + 4).
14
What is 154 - (-78 + 105 - (14 - 22))?
119
(48 + 29 - 30) + -61 + (100 + 2 - -2)
90
What is (-203 - -151) + -2 + 13 - 12?
-53
24 - (8 - (3 - (-12 + (24 - 0) - 5)))
12
16 + 10 + -32 + 10 + -3 + 38
39
Evaluate 74 + 0 + -1071 + 1143 + (1 - 79).
68
Evaluate -64 - (17 - -3 - 22) - -22.
-40
-127 + -137 + 73 + 90
-101
Evaluate 8 - ((1 - 12) + 45 + (-43 + -9 - -27)).
-1
What is the value of -73 - (95 - 175) - -43?
50
What is the value of 6 + (1 - (1 - 1)) - (174152 - 174143)?
-2
What is -34 + 40 + -14 - -16 - (25 - 6)?
-11
What is (22 - -1) + (112 - (-135 + 215))?
55
What is -18 + (97 - 35 - -64 - (1 + 12))?
95
Evaluate (14 - -1) + -2 - (33 + -45).
25
Calculate -909 + 861 + 0 + 20.
-28
What is (17 - (-117 + -3) - -16) + (-21 - -6)?
138
-44 - ((-11 - 9) + 26 - 20)
-30
Calculate (-1 - 2) + 19 + (6 - 8) + 12.
26
What is the value of -5 + -1 - (-175 + (63 - (-66 - -62)))?
102
-794 + 739 - (-5 - 61)
11
(-13 - (-17 - -13 - (6 - 4))) + 17 + -40
-30
Evaluate (3490 - 3469) + -1 + 0.
20
-87 + (14 - -41 - 20)
-52
What is 29 + -45 + -27 + 65?
22
Calculate -20 + -3 - (-27 + (-53 - (-36 - 67))).
-46
What is the value of 10 - 12 - ((6 - 16) + 0 + 6)?
2
What is -27 - (-24 - (-2 + (69 - 16)))?
48
What is 5 + 7 + (-57 - -1) + -13 + 4?
-53
Evaluate (58 - 37 - 27) + 7 + (3 - 111).
-107
Evaluate (0 - -2) + (13 + (19 - 26) - -30).
38
What is -26 + (-7 + (-2 - 1) - (-22 - (14 + -16)))?
-16
What is -15 + 5 - (-27 + 24 + -20)?
13
What is -18 + -66 + 236 - 53?
99
What is the value of 3 + 27 + (4 + -4 - (-1 + (2 - -1)))?
28
-5980 + 6003 + -1 + (-12 - 0)
10
Calculate 16 + -75 + 7 + 93.
41
(3 - -4 - 45) + (427 - 413)
-24
What is -70 - (4 - 67 - 17)?
10
Evaluate (-301 - -311) + (5 - 1) + 0 + -48 + 3.
-31
113 + (-9 - (-89 + 99 + (3 - 13))) + -1
103
What is the value of -10 - 152 - (112 - 176)?
-98
What is the value of -6 + (11 - (-1 + 6) - 9 - 52) + 8?
-53
(-6 - -83) + -15 + 8 - (-3 + -4 + -6)
83
What is the value of -8 + -53 - (258 + -400)?
81
Evaluate -48 + -15 + 21 + 17 + -43 + 23.
-45
What is the value of 949 + -971 - (3 + -1 - 94)?
70
What is (29 + -10 - (20 - 18)) + -25?
-8
Evaluate -19 + (-22 + -1 - 31) + -2.
-75
Evaluate (-44 - -6) + 22 + (2 - ((2 - -11) + -6)).
-21
What is the value of -47 + (-29 - -95 - 28) + -19?
-28
What is the value of 10 - (-4 - (-5 - (13 + -15 + 12)))?
-1
What is (-19 + 9 - -13 - -3) + -16 - -40?
30
Evaluate (3 - (2 + -3)) + -12 + 4 - (-1585 - -1655).
-74
Evaluate (-26 - (-21 - 0 - 4)) + 0 + 54.
53
-1 + -9 - (61 + -54 + -1 + -71 + 8)
47
6 + 56 + -32 + -6 + 14
38
What is -3 - -5 - 19 - -2 - -16?
1
Evaluate (29 - (53 - 17)) + -11 + (-3 - -4).
-17
What is the value of (-44 - -41) + -8 - -33?
22
Calculate (-11 - 0) + -354 + 356 + 23 + -1.
13
What is the value of 30 - ((80 - 69) + -3 + (-3 - -3))?
22
12 + 1 + -118 + (41 - 18) + -13 + 12
-83
What is -101 - (-35 + -2 - (77 - 108))?
-95
What is 0 + -1 + -5 + (-5 - (-52 - 0))?
41
What is 8 + (15 - (7 + -16 + 23)) + (49 - -1)?
59
Evaluate -2 + 15 - ((18 - (16 - 13)) + -19).
17
What is the value of 31 - (86 - 40) - (21 + 1)?
-37
1 - (3885 + -3868 - (0 + 167))
151
-114 + (-6 - (-67 + 27) - (16 - -7))
-103
Calculate 37 + 64 - (51 - -33).
17
51 - 2 - (-82 + 150)
-19
Evaluate (-30 - (1 - 23) - 4) + 0 + 0 + -1.
-13
21 + (-20 - 60) - -44
-15
What is the value of -13 - 17 - -23 - -29 - -12?
34
Calculate 4 + 22 + 31 + -28 + 12.
41
(59 + -95 - (-10 - 0)) + (-17 - -23)
-20
Evaluate (-9 - (-12 + -37)) + -34.
6
Calculate -40 - (13 - -13) - -25.
-41
What is the value of 61 + -24 - (-1 - (-4 + (6 - 3) + 1))?
38
What is the value of 0 + 6 - (8 - (51 + 5)) - -3?
57
Evaluate 59 + (-119 - 5) - -23.
-42
60 + -83 + -38 - -71
10
Calculate 9 - 57 - 0 - (4 - -15).
-67
What is the value of -19 - (0 + 7 + 29 + -26)?
-29
What is 91 + 15 + -75 - -1?
32
What is the value of -9 + -1 - (-7 - ((-7 - -13) + 8 + -19))?
-8
(51 - 67) + (52 - 33 - (5 + -3 + 3))
-2
89 - (-4 - -122 - 61)
32
(-12 - -22) + (-11 + -38 - -29) - (1 + 2)
-13
What is (1 + -1 - (-210 - -227)) + -1?
-18
What is 66 + -64 - -10 - (2 - 0)?
10
Calculate -356 + 274 + 46 + 2.
-34
What is the value of (14 - -1) + (23 - 16) + -12 + 8?
18
What is the value of -23 + 32 + -1 + (4 - 18) + (-29 - 1)?
-36
Calculate -141 + 140 - (-32 - 1).
32
What is the value of (25 - 25) + -43 + 8 + -12?
-47
(1 - 26 - -4) + (-4 + 11 - (-16 + 17))
-15
Calculate (-60 + 9 - -12) + 17.
-22
Evaluate 0 + 7 - ((-26 - -41) + (3 + -7 - -9)).
-13
Calculate 77 + (22 - (31 + 29)).
39
What is the value of -66 - -12 - (20 + -12)?
-62
What is 23 - (-25 - (-36 - 6))?
6
What is -9 + (35 - 4) - 10?
12
What is 9 + -13 + 18 + 16 + -6?
24
Evaluate (-111 - -1) + 9 + (551 - 509).
-59
35 + (-30 - -6) + 7 + (34 - 31)
21
21 + -31 + -5 + -24
-39
(78 - (114 - 75)) + -97
-58
What is the value of (104 - (41 + 3)) + -33?
27
What is -30 + (-52 - -60) + (-4 - -124)?
98
Evaluate (-38 - -54 - 12) + (9 - 0).
13
Evaluate -3 + (-12 - (5 - -44)) + (-7 - (5 + 0)).
-76
What is the value of (1 + -14 - -4) + (-14 - ((12 - 17) + 25))?
-43
What is -4 + (-37 - (-50 + 17)) - (3 + -53)?
42
Calculate (0 + 1 - -22) + (-1930 - -1883).
-24
What is 33 + (52 - (64 - -9))?
12
Calculate -44 - (78 + -94 + 16 + -21 + 0).
-23
46 - (20 - -45) - (3 - 23)
1
What is (-11 - ((-15 - 9) + -1)) + -10 + 1 - -54?
59
Evaluate -114 - (2 + 8 + (-7 - -3) + -11).
-109
What is the value of 9 - ((-4 - -27) + -45 - -47)?
-16
What is the value of 6 - (-7 + (88 - 67))?
-8
What is -58 + 6 + (-20 - -22) + 1?
-49
Evaluate 47 + (72 - (18 - -92)).
9
Evaluate 20 - ((-5 - -40) + (12 - -8 - 14)).
-21
Evaluate (4 - -1 - -12) + -1123 + 1148.
42
Calculate -30 + -51 + (64 - 51).
-68
What is (-171 - -219) + -20 + -39?
-11
What is the value of 62 - 112 - (6 - 9)?
-47
Evaluate 66 - (-215 + 201 - (-12 + 0)).
68
0 + -1 + 6 + -5 + -113 + 33
-80
What is the value of -149 + 276 + -136 + (8 - -2)?
1
Evaluate 42 - 3 - (32 - 18).
25
What is the value of (-277 - -287) + 14 + 77?
101
(-13 - -1 - (-1 - 10)) + 29 + 2
30
Evaluate 3468 + -3530 - (0 + -42).
-20
What is 21 + 1 - (12 + -126 + 147)?
-11
Evaluate -137 + 103 + -36 + 89.
19
Evaluate (-78 - -39) + 105 - 65.
1
What is -124 + 115 + 0 + (7 - 1) + 7 + -51?
-47
What is the value of -7 + (-2 - 28) + -71 + (4 - 1) + -3?
-108
What is -27 + 9 + 16 - ((3 - 47) + (12 - 5))?
35
Calculate -1 + -67 + 67 + 27.
26
(-26 - (-25 + 2 + -7)) + -18
-14
-1 + 35 - (-78 + 196 + -96)
12
Calculate -5 - (-25 - -50) - 3 - -2.
-31
What is the value of -715 + 634 - (-2 - -29)?
-108
(-24 + 62 - -51)